 + 281*c**2. What is i(14)?
-13
Let s = 1412 + -1408. Let a(c) = -2*c**2 + 6*c - 1. Give a(s).
-9
Let z = 501 + -505. Let l(t) = -t**2 + t. Determine l(z).
-20
Let k(q) = -q**3 + 7*q**2 - 6*q - 3. Let x(v) = -59*v + 655. Let o be x(11). Calculate k(o).
-3
Suppose 5*w - 5*m = -20, 15*w - 13*w = -4*m - 20. Let o(j) = 3*j**2 + 9*j + 5. Calculate o(w).
59
Let n(t) = 4*t**2 + 25*t - 12. Let b be n(-7). Let u(a) = a - 11. What is u(b)?
-2
Let b(i) = i**2 - 6*i - 11. Suppose -3*f + n + 24 = 6*n, 0 = 4*f - n - 9. Suppose -44 = -5*w + 6*q - 2*q, 2*w - 19 = f*q. Give b(w).
5
Let r = -7 - -13. Let t(m) = -63*m + 4 - 67*m + 129*m. Give t(r).
-2
Let w(k) = -3*k**2 - 44*k - 16. Let s be w(-14). Let m(c) = s - c - c + 3*c + 0*c. Give m(-13).
-1
Let p(l) = l**2 + 6*l + 5. Let z be ((-10)/4)/((-2)/4). Suppose 4*y - 4*i = -24, -2*y + 4*y + 3*i - 8 = 0. Let k be (y/z)/((-4)/(-60)). Give p(k).
5
Let r = 752 - 752. Let t(n) = 2*n - 26. What is t(r)?
-26
Let y(g) = -g**3 + 5 - 8*g - 6*g**2 - 7 - 5. Let q be 30/4*((-56)/21 - -2). Give y(q).
8
Suppose 110*h + 46*h + 468 = 0. Let i(c) = -2*c + c + 0*c. Calculate i(h).
3
Let d(m) = m**2 + 2. Let j(p) = -3*p**2 + p - 6. Let a(c) = 7*d(c) + 2*j(c). Let g be 4*50/(-12)*6/20. Let k be 16/20*g/1. What is a(k)?
10
Suppose 16*c - 16 = 14*c + 4*t, 0 = -5*t + 15. Let z(v) = -v**3 + 13*v**2 + 15*v - 18. Give z(c).
-4
Let c be 4 - 3/(3/(-2)). Let t be ((-10)/(-4) - 2)*c. Let o(f) = 4 - f - 12 + t. Determine o(-4).
-1
Suppose -61*q + 64*q = -5*u + 116, 4*q + 12 = 0. Let i(l) = -l**3 + 26*l**2 - 23*l - 47. What is i(u)?
3
Let q(u) = -10*u**2 + 7*u + 5. Let r = -28 + 22. Let m(o) = -21*o**2 + 15*o + 11. Let h(j) = r*m(j) + 13*q(j). What is h(1)?
-4
Let s(k) = -k**2 + 2*k + 24. Let h be s(12). Let q = 91 + h. Let l(n) = n + 10. What is l(q)?
5
Let q(u) = 3*u**2 + 3. Let k(s) = 7*s**2 + 6. Let z(w) = -2*k(w) + 5*q(w). Let x(y) = -y - 1. Let t be x(-4). What is z(t)?
12
Let b = -60 + 56. Let q(z) = 3*z - 2 + 0 - 2*z - 3*z. Give q(b).
6
Let u(y) = -8*y - 1. Let h(z) = z**2 + 4*z + 3. Let s be h(-8). Let n be (32 - 1) + 3/1. Let o = n - s. Determine u(o).
7
Let w = -20 - -14. Let r(s) = 3*s**3 + 10*s**2 + 12*s - 26. Let y(z) = -z**3 - 3*z**2 - 4*z + 9. Let p(n) = 4*r(n) + 11*y(n). What is p(w)?
7
Suppose -q + 8 = 3*q. Let j be (-144)/(-66) + q/(-11). Let k(l) = l + j - 3*l**2 + 2*l**2 - 3*l + 2*l**2. Determine k(3).
5
Suppose -6 + 152 = 2*s. Let q = s + -77. Let z(h) = h**2 + 5*h + 1. Give z(q).
-3
Suppose 0 = -8*c - 0*c - 96. Let k(l) = -l**3 - 10*l**2 + 24*l + 5. Calculate k(c).
5
Let s(d) = -21*d - 6. Let t(g) = -13*g - 4. Let z(l) = -5*s(l) + 8*t(l). Give z(2).
0
Let o(i) = i**3 - i**2 - 5*i - 1. Let z(v) = 2*v**3 - v**2 - 9*v - 1. Suppose -2 = 2*s + 8. Let j(y) = s*o(y) + 3*z(y). Give j(-3).
-1
Let v(u) = -2*u**2. Let p(k) = -5*k**2 - 9*k + 20. Let x(b) = p(b) - 3*v(b). Give x(6).
2
Let y = 904 - 893. Let t(q) = -q + 23. Give t(y).
12
Suppose p - u - 9 = -p, -5*p + 4*u + 30 = 0. Suppose 5*q = -a + 10, 5*q - 16 = -p*a - 6. Let b be 8 - -6*q/(-3). Let r(j) = 4*j + 2. Determine r(b).
18
Suppose 9 = -i - 2*i. Let m = i - -12. Let r = m - 12. Let y(c) = c**2 + c + 4. Calculate y(r).
10
Let c(d) = -d**2 - 3*d - 9. Let t be (14/42)/(2/(-66)). Let a(y) = -5*y**2 - 14*y - 46. Let u(l) = t*c(l) + 2*a(l). What is u(-5)?
7
Let n = -91 - -101. Let v(s) = s**3 - 9*s**2 - 8*s - 22. Give v(n).
-2
Let h(z) = z**2. Let q(n) = 6*n**2 - 6*n - 1. Let k(x) = 5*h(x) - q(x). Let w be 2 - (12/(-14) - 6/42). Give k(w).
10
Let u(t) = -t - 1. Let i = -18 - -19. Let s(o) = -6. Let f(n) = i*s(n) - 2*u(n). Determine f(5).
6
Let w(d) = 12*d**3 - 29*d**2 + 13*d + 11. Let j(n) = n**3 - 3*n**2 + n + 1. Let s(q) = 22*j(q) - 2*w(q). Calculate s(-3).
-6
Let h(v) be the first derivative of -v**2 - 5*v + 1. Let d be (5/15*3)/(1/(-6)). What is h(d)?
7
Suppose -2 = -t + 2. Let w(s) be the second derivative of s**4/12 - 2*s**3/3 + 2*s**2 - 3*s. What is w(t)?
4
Let a be (-23)/(-4) - (-2)/8. Let t(j) be the first derivative of -j**4/4 + 2*j**3 - 3*j**2/2 - 4*j + 144. What is t(a)?
-22
Suppose l - 5 = 3. Suppose -2*b = l, -t + 4*b + 52 = -4*t. Let d be 20/(-6)*t/10. Let g(w) = w**2 - 5*w. Calculate g(d).
-4
Let t(o) = 16*o**3 + 1 - 9*o**3 - 7 + 7. Calculate t(-1).
-6
Let p(y) = 5*y - 10 - 4 - 3*y + 9. Determine p(-4).
-13
Let g be 4/(-18) - 21/27. Let o(d) be the second derivative of 0 - 1/2*d**2 + 1/6*d**4 + 0*d**3 - 3*d. What is o(g)?
1
Let x be (-8)/6*3/1. Let l(h) = 2*h**3 + h**2 + 3*h - 10. Let n(b) = -5*b**3 - 4*b**2 - 8*b + 22. Let q(g) = -7*l(g) - 3*n(g). What is q(x)?
8
Let g(w) = -w + 2. Let s be g(-4). Let n(b) = 5 - b**2 + 11*b - s*b - 3 - 4. Suppose 2*m - 11 = -1. Give n(m).
-2
Let w(p) = -2*p**3 + 2*p. Let l(m) = -m**3 + 5*m**2 + 8*m + 2. Let x(v) = l(v) - 3*w(v). What is x(-2)?
-22
Let g(b) = -6 - 8 + 5*b - 4*b. Let p be g(14). Let u(l) = l + 7. Give u(p).
7
Let v(i) = 9*i**3 - i**2 - i + 1. Let z = -49 + 50. Give v(z).
8
Let c(j) be the third derivative of -7*j**6/60 + j**5/30 + j**4/8 + j**3/6 - 6*j**2 - 7. What is c(-1)?
14
Let z be 2/3 - (-20)/(-30). Let f be 208/24 + ((-6)/9 - z). Let y(h) = -h**2 + 9*h - 4. Give y(f).
4
Let y(n) be the second derivative of -n**7/140 - n**5/120 + n**4/24 + 14*n**3/3 - 25*n. Let b(k) be the second derivative of y(k). Calculate b(1).
-6
Suppose -6 = -x + 2*z + z, 0 = -2*x + 4*z + 8. Suppose 3*g - 222 = -s, -3*s = -g - 0*s + 64. Let r(w) = 73 - w**2 + w + g - 142. What is r(x)?
4
Suppose 63 = 5*z - l, 2*z + 3*l - 4 = 11. Let q be (-44)/8 + z/8. Let w(d) be the first derivative of -d**2 + d + 1. Calculate w(q).
9
Let n = 193 - 189. Let k(s) be the first derivative of 4/3*s**3 + 7 + 1/4*s**4 - 3/2*s**2 + n*s. Determine k(-5).
-6
Let s be ((-80)/60)/(4/6). Let x(w) = w**2 + 3*w + 3. Calculate x(s).
1
Let x(u) = -u**3 - 4*u**2 - u + 3. Let s(h) = -2*h**2 - h + 2. Suppose -5*q + 46 = -4. Suppose 4 = -v + 4*z - q, -5*z + 25 = -5*v. Let o be s(v). What is x(o)?
7
Let i(d) = -2*d**2 - 3*d - 2. Let v(b) = -2*b**2 + 10*b - 2. Let t be v(5). What is i(t)?
-4
Let k(p) = -p**3 - 8*p**2 - 2*p - 10. Let h(q) be the first derivative of q**4/4 - 23*q**3/3 - q**2/2 + 15*q + 26. Let j be h(23). Determine k(j).
6
Let g be (-35)/(-14) - (-1)/(-2). Let w(t) = -10*t + t**2 + g + 0*t**2 + 9*t - 3*t. Determine w(4).
2
Let h = -10 + 15. Let t be (-4)/6*(-13 + 4 - -6). Let s(n) = n**t + 2*n + h - 3 - 4 - n. Give s(0).
-2
Let u(y) = 4*y**2 + 2*y - 1. Suppose 0 = -o + 2, -l + 41 = 5*o + 33. What is u(l)?
11
Suppose -5*k + 56*r + 3 = 57*r, 2*k = r - 3. Suppose 4*c - 2 = -3*z - 1, 8 = -4*c. Let g(y) = 5 + y**2 + y - 2*y**z + y**3 - 11. Determine g(k).
-6
Suppose 0 = v + d, -v + 5*d - 5 = 7. Let w be v + 2/9*-3*-6. Let t(o) = 3*o - 3. Determine t(w).
3
Let j(y) = 6*y**3 + y**2. Let v(z) = 0*z**2 - 3*z - z**2 + 2*z - z**3. Let a = -14 + 13. Let w be v(a). Give j(w).
7
Let t be (-7 - -4) + (-21)/(-6)*2. Let l be (1 + t)*(-6)/5. Let x(m) = -m**2 - 7*m - 6. Give x(l).
0
Let s(v) = -v**3 - 5*v**2 + 6*v - 1. Let q be -1*2*(-1)/6*159. Let n = 47 - q. What is s(n)?
-1
Let y(r) = -18*r + 5. Let h(p) = 9*p - 3. Let b(j) = -3*h(j) - 2*y(j). Let g be -2 + 0 + 20 + 0. Let o be 4/(-14) - g/(-14). What is b(o)?
8
Let q(a) be the third derivative of 0*a + 0 - 1/720*a**6 + 0*a**3 - 1/12*a**4 + 1/120*a**5 + 3*a**2. Let g(f) be the second derivative of q(f). Give g(-3).
4
Let f = 28 - 26. Let r(a) = -4*a**2 + a**2 + 9*a**2 - 5*a**f. What is r(0)?
0
Let j(s) = s**3 - 2*s**2 - 4*s - 2. Suppose h - 8 = 5*h. Calculate j(h).
-10
Let n = 214 - 219. Let c(t) = -t**3 - 7*t**2 - 6*t + 5. Give c(n).
-15
Let g(c) = -c**3 + 7*c**2 - 2*c. Let f be -6*((-4)/(-8) - 1). Let i(k) = k - 8 + f*k + 4*k - 5*k. Let s be i(5). What is g(s)?
-14
Let z be 3*(-2 + 2 + 1). Suppose 0 = -z*x - x + 12. Let a(q) = -2 - 3 + 4 - 18*q**x. Calculate a(-1).
17
Let w(b) = -b**2 - 8*b + 7. Suppose 4*y - 42 = 5*r, -4*r + 11*y = 9*y + 36. Calculate w(r).
-13
Let u(p) = -p + 2. Suppose 4*n - 36 = n. Suppose -j - 2*j + 4*i - n = 0, 4*i = 12. Suppose -13 = 3*s - 4*t, -2*t + 0*t + 2 = j. Give u(s).
5
Let j be (-12)/(-4) + -3 + -3. Let o = j + 4. Let h(f) = -f + 1. Let q(c) = -7*c**3 + c**2 - 3*c + 2. Let y(s) = 3*h(s) - q(s). Calculate y(o).
7
Let s be (-246)/(-21) - (-12)/42. Let l(n) = -3*n + n**2 - s - 1 + 13*n. 